{"id":573,"date":"2020-12-30T00:52:05","date_gmt":"2020-12-30T00:52:05","guid":{"rendered":"https:\/\/seic.com.co\/cda\/?post_type=product&#038;p=573"},"modified":"2021-01-01T07:28:14","modified_gmt":"2021-01-01T07:28:14","slug":"tacometro-capellec-cap8533-rs","status":"publish","type":"product","link":"https:\/\/seic.com.co\/cda\/product\/tacometro-capellec-cap8533-rs\/","title":{"rendered":"Tac\u00f3metro CAPELLEC CAP8533-RS"},"content":{"rendered":"<div class=\"padding-top-20\">\n<p>El cuentarevoluciones RPM universal CAP8533 facilita la medici\u00f3n de la velocidad RPM\u00a0y de la temperatura del motor. Eficiente y sencillo, ofrece dos modos de medici\u00f3n: bater\u00eda o\u00a0vibraci\u00f3n.<\/p>\n<p>Universal, funciona en la mayor\u00eda de los veh\u00edculos: coches, camiones y motos.<\/p>\n<\/div>\n<ul class=\"list margin-top-30\">\n<li>Conexi\u00f3n inal\u00e1mbrica Bluetooth<\/li>\n<li>Pantalla LCD<\/li>\n<li>Sensor de vibraci\u00f3n 3D de nueva generaci\u00f3n<\/li>\n<li>Bater\u00eda de Litio de larga duraci\u00f3n<\/li>\n<li>Adecuado para todo tipo de veh\u00edculos<\/li>\n<li>Motores de gasolina y diesel<\/li>\n<\/ul>\n","protected":false},"excerpt":{"rendered":"<p>1 Semana de Importaci\u00f3n.<\/p>\n<p>Obtendra su pedido en los pr\u00f3ximos 7 dias H\u00e1biles.<\/p>\n<p>Cuentarevoluciones RPM universal CAP8533<\/p>\n","protected":false},"featured_media":574,"comment_status":"open","ping_status":"closed","template":"","meta":{"_coblocks_attr":"","_coblocks_dimensions":"","_coblocks_responsive_height":"","_coblocks_accordion_ie_support":""},"yoast_head":"<!-- This site is optimized with the Yoast SEO plugin v15.5 - https:\/\/yoast.com\/wordpress\/plugins\/seo\/ -->\n<title>Tac\u00f3metro CAPELLEC CAP8533-RS - SEIC<\/title>\n<meta name=\"robots\" content=\"index, follow, max-snippet:-1, max-image-preview:large, max-video-preview:-1\" \/>\n<link rel=\"canonical\" href=\"https:\/\/seic.com.co\/cda\/product\/tacometro-capellec-cap8533-rs\/\" \/>\n<meta property=\"og:locale\" content=\"es_ES\" \/>\n<meta property=\"og:type\" content=\"article\" \/>\n<meta property=\"og:title\" content=\"Tac\u00f3metro CAPELLEC CAP8533-RS - SEIC\" \/>\n<meta property=\"og:description\" content=\"1 Semana de Importaci\u00f3n.  Obtendra su pedido en los pr\u00f3ximos 7 dias H\u00e1biles.  Cuentarevoluciones RPM universal CAP8533\" \/>\n<meta property=\"og:url\" content=\"https:\/\/seic.com.co\/cda\/product\/tacometro-capellec-cap8533-rs\/\" \/>\n<meta property=\"og:site_name\" content=\"SEIC\" \/>\n<meta property=\"article:modified_time\" content=\"2021-01-01T07:28:14+00:00\" \/>\n<meta property=\"og:image\" content=\"https:\/\/seic.com.co\/cda\/wp-content\/uploads\/2020\/12\/Capelec-CAP8533-RPM_0.jpg\" \/>\n\t<meta property=\"og:image:width\" content=\"932\" \/>\n\t<meta property=\"og:image:height\" content=\"766\" \/>\n<meta name=\"twitter:card\" content=\"summary_large_image\" \/>\n<meta name=\"twitter:label1\" content=\"Tiempo de lectura\">\n\t<meta name=\"twitter:data1\" content=\"0 minutos\">\n<script type=\"application\/ld+json\" class=\"yoast-schema-graph\">{\"@context\":\"https:\/\/schema.org\",\"@graph\":[{\"@type\":\"Organization\",\"@id\":\"https:\/\/seic.com.co\/cda\/#organization\",\"name\":\"SEIC\",\"url\":\"https:\/\/seic.com.co\/cda\/\",\"sameAs\":[],\"logo\":{\"@type\":\"ImageObject\",\"@id\":\"https:\/\/seic.com.co\/cda\/#logo\",\"inLanguage\":\"es\",\"url\":\"https:\/\/seic.com.co\/cda\/wp-content\/uploads\/2020\/12\/seic.jpg\",\"width\":206,\"height\":221,\"caption\":\"SEIC\"},\"image\":{\"@id\":\"https:\/\/seic.com.co\/cda\/#logo\"}},{\"@type\":\"WebSite\",\"@id\":\"https:\/\/seic.com.co\/cda\/#website\",\"url\":\"https:\/\/seic.com.co\/cda\/\",\"name\":\"SEIC CDA\\u00b4s\",\"description\":\"Todo para CDA&acute;s\",\"publisher\":{\"@id\":\"https:\/\/seic.com.co\/cda\/#organization\"},\"potentialAction\":[{\"@type\":\"SearchAction\",\"target\":\"https:\/\/seic.com.co\/cda\/?s={search_term_string}\",\"query-input\":\"required name=search_term_string\"}],\"inLanguage\":\"es\"},{\"@type\":\"ImageObject\",\"@id\":\"https:\/\/seic.com.co\/cda\/product\/tacometro-capellec-cap8533-rs\/#primaryimage\",\"inLanguage\":\"es\",\"url\":\"https:\/\/seic.com.co\/cda\/wp-content\/uploads\/2020\/12\/Capelec-CAP8533-RPM_0.jpg\",\"width\":932,\"height\":766},{\"@type\":\"WebPage\",\"@id\":\"https:\/\/seic.com.co\/cda\/product\/tacometro-capellec-cap8533-rs\/#webpage\",\"url\":\"https:\/\/seic.com.co\/cda\/product\/tacometro-capellec-cap8533-rs\/\",\"name\":\"Tac\\u00f3metro CAPELLEC CAP8533-RS - SEIC\",\"isPartOf\":{\"@id\":\"https:\/\/seic.com.co\/cda\/#website\"},\"primaryImageOfPage\":{\"@id\":\"https:\/\/seic.com.co\/cda\/product\/tacometro-capellec-cap8533-rs\/#primaryimage\"},\"datePublished\":\"2020-12-30T00:52:05+00:00\",\"dateModified\":\"2021-01-01T07:28:14+00:00\",\"inLanguage\":\"es\",\"potentialAction\":[{\"@type\":\"ReadAction\",\"target\":[\"https:\/\/seic.com.co\/cda\/product\/tacometro-capellec-cap8533-rs\/\"]}]}]}<\/script>\n<!-- \/ Yoast SEO plugin. -->","_links":{"self":[{"href":"https:\/\/seic.com.co\/cda\/wp-json\/wp\/v2\/product\/573"}],"collection":[{"href":"https:\/\/seic.com.co\/cda\/wp-json\/wp\/v2\/product"}],"about":[{"href":"https:\/\/seic.com.co\/cda\/wp-json\/wp\/v2\/types\/product"}],"replies":[{"embeddable":true,"href":"https:\/\/seic.com.co\/cda\/wp-json\/wp\/v2\/comments?post=573"}],"wp:featuredmedia":[{"embeddable":true,"href":"https:\/\/seic.com.co\/cda\/wp-json\/wp\/v2\/media\/574"}],"wp:attachment":[{"href":"https:\/\/seic.com.co\/cda\/wp-json\/wp\/v2\/media?parent=573"}],"curies":[{"name":"wp","href":"https:\/\/api.w.org\/{rel}","templated":true}]}}