{"id":2259,"date":"2023-08-04T04:18:19","date_gmt":"2023-08-04T04:18:19","guid":{"rendered":"https:\/\/seic.com.co\/?post_type=product&#038;p=2259"},"modified":"2023-10-28T15:22:46","modified_gmt":"2023-10-28T15:22:46","slug":"7747-kit-de-proteccion-de-aspiracion-de-ventilador-diurno","status":"publish","type":"product","link":"https:\/\/seic.com.co\/index.php\/product\/7747-kit-de-proteccion-de-aspiracion-de-ventilador-diurno\/","title":{"rendered":"7747 Kit de protecci\u00f3n de aspiraci\u00f3n de ventilador diurno"},"content":{"rendered":"<p>Kit de Protecci\u00f3n 7747 Davis.<\/p>\n<p>Tiempo de Entrega de 10 a 15 d\u00edas H\u00e1biles.<\/p>\n<p>El kit de protecci\u00f3n contra radiaci\u00f3n con aspiraci\u00f3n de ventilador diurno 7747 de Davis Instruments, es una gran adici\u00f3n a su Estaci\u00f3n Meteorol\u00f3gica Vantage Pro2 o Pro2 Plus.<\/p>\n<p>El kit de protecci\u00f3n contra radiaci\u00f3n por aspiraci\u00f3n por ventilador Davis 7747 es una soluci\u00f3n econ\u00f3mica para agregar los beneficios de la aspiraci\u00f3n por ventilador a su estaci\u00f3n meteorol\u00f3gica Vantage Pro2 o Vantage Pro2 Plus inal\u00e1mbrica o cableada.<\/p>\n<p>Caracter\u00edsticas.<\/p>\n<p>&#8211; El escudo de radiaci\u00f3n aspirado por ventilador combina aspiraci\u00f3n activa y pasiva para minimizar los efectos de la radiaci\u00f3n. Un ventilador de energ\u00eda solar funciona durante el d\u00eda y luego se apaga por la noche cuando los efectos de la radiaci\u00f3n son menores, manteniendo los sensores frescos y precisos. No se requiere bater\u00eda de respaldo.<\/p>\n<p>&#8211; Este kit es una soluci\u00f3n econ\u00f3mica para agregar los beneficios de la aspiraci\u00f3n del ventilador a su estaci\u00f3n meteorol\u00f3gica Vantage Pro2 o Vantage Pro2 Plus inal\u00e1mbrica o cableada.<\/p>\n<p>&#8211; El kit de protecci\u00f3n contra radiaci\u00f3n por aspiraci\u00f3n de ventilador Davis 7747 incluye ventilador, panel solar, placas de protecci\u00f3n contra radiaci\u00f3n adicionales y hardware.<\/p>\n<p>&#8211; Proporciona funciones de refrigeraci\u00f3n adicionales a un precio econ\u00f3mico.<\/p>\n<p>&#8211; Compatible con Estaciones Meteorol\u00f3gicas inal\u00e1mbricas y cableadas Vantage Pro2 y Vantage Pro2 Plus.<\/p>\n<p>&#8211; El Ventilador Funciona con energ\u00eda solar, no requiere bater\u00eda de respaldo.<\/p>\n<p>&#8211; El kit de protecci\u00f3n contra radiaci\u00f3n con aspiraci\u00f3n por ventilador Davis 7747 incluye herrajes y placas de protecci\u00f3n contra radiaci\u00f3n adicionales.<\/p>\n<p>TODOS NUESTROS PRODUCTOS SON NUEVOS Y 100% ORIGINALES.<\/p>\n<p>Por favor cont\u00e1ctenos por mensajer\u00eda si no est\u00e1 seguro o tiene alguna duda.<\/p>\n<p>Por favor revise bien las caracter\u00edsticas y las condiciones de este producto, antes de comprar. Recuerde que no se aceptan devoluciones de dinero ni de productos, solo opera el cambio de producto por garant\u00eda.<\/p>\n<p>&nbsp;<\/p>\n","protected":false},"excerpt":{"rendered":"<p>El kit de protecci\u00f3n contra radiaci\u00f3n por aspiraci\u00f3n por ventilador Davis 7747 es una soluci\u00f3n econ\u00f3mica para agregar los beneficios de la aspiraci\u00f3n por ventilador a su estaci\u00f3n meteorol\u00f3gica Vantage Pro2 o Vantage Pro2 Plus inal\u00e1mbrica o cableada.<\/p>\n","protected":false},"featured_media":2541,"comment_status":"open","ping_status":"closed","template":"","meta":[],"pwb-brand":[664],"etheme_brands":[{"term_id":152,"name":"DAVIS INSTRUMENTS","slug":"davis-instruments","term_group":0,"term_taxonomy_id":152,"taxonomy":"brand","description":"","parent":0,"count":12,"filter":"raw"}],"product_brand":[],"product_cat":[149],"product_tag":[57,58,60],"class_list":{"0":"post-2259","1":"product","2":"type-product","3":"status-publish","4":"has-post-thumbnail","6":"pwb-brand-davis-instruments","7":"brand-davis-instruments","8":"product_cat-estaciones-meteorologicas","9":"product_tag-estacin-meteorolgica-domstica","10":"product_tag-instrumento-meteorologico","11":"product_tag-jack-and-jones","13":"first","14":"instock","15":"taxable","16":"shipping-taxable","17":"purchasable","18":"product-type-simple"},"brands":[{"id":664,"name":"DAVIS INSTRUMENTS","slug":"davis-instruments"}],"_links":{"self":[{"href":"https:\/\/seic.com.co\/index.php\/wp-json\/wp\/v2\/product\/2259","targetHints":{"allow":["GET"]}}],"collection":[{"href":"https:\/\/seic.com.co\/index.php\/wp-json\/wp\/v2\/product"}],"about":[{"href":"https:\/\/seic.com.co\/index.php\/wp-json\/wp\/v2\/types\/product"}],"replies":[{"embeddable":true,"href":"https:\/\/seic.com.co\/index.php\/wp-json\/wp\/v2\/comments?post=2259"}],"version-history":[{"count":4,"href":"https:\/\/seic.com.co\/index.php\/wp-json\/wp\/v2\/product\/2259\/revisions"}],"predecessor-version":[{"id":2609,"href":"https:\/\/seic.com.co\/index.php\/wp-json\/wp\/v2\/product\/2259\/revisions\/2609"}],"wp:featuredmedia":[{"embeddable":true,"href":"https:\/\/seic.com.co\/index.php\/wp-json\/wp\/v2\/media\/2541"}],"wp:attachment":[{"href":"https:\/\/seic.com.co\/index.php\/wp-json\/wp\/v2\/media?parent=2259"}],"wp:term":[{"taxonomy":"pwb-brand","embeddable":true,"href":"https:\/\/seic.com.co\/index.php\/wp-json\/wp\/v2\/pwb-brand?post=2259"},{"taxonomy":"brand","embeddable":true,"href":"https:\/\/seic.com.co\/index.php\/wp-json\/wp\/v2\/etheme_brands?post=2259"},{"taxonomy":"product_brand","embeddable":true,"href":"https:\/\/seic.com.co\/index.php\/wp-json\/wp\/v2\/product_brand?post=2259"},{"taxonomy":"product_cat","embeddable":true,"href":"https:\/\/seic.com.co\/index.php\/wp-json\/wp\/v2\/product_cat?post=2259"},{"taxonomy":"product_tag","embeddable":true,"href":"https:\/\/seic.com.co\/index.php\/wp-json\/wp\/v2\/product_tag?post=2259"}],"curies":[{"name":"wp","href":"https:\/\/api.w.org\/{rel}","templated":true}]}}