{"id":4112,"date":"2023-08-16T17:15:50","date_gmt":"2023-08-16T17:15:50","guid":{"rendered":"https:\/\/seic.com.co\/index.php\/product\/my-ut\/"},"modified":"2023-08-22T19:35:49","modified_gmt":"2023-08-22T19:35:49","slug":"my-ut","status":"publish","type":"product","link":"https:\/\/seic.com.co\/index.php\/product\/my-ut\/","title":{"rendered":"Transmisor profesional MY-UT"},"content":{"rendered":"<p>La serie MY incluye transmisores port\u00e1tiles que convierten sus dispositivos m\u00f3viles Android (*), como smartphones o tabletas, en sistemas de adquisici\u00f3n de datos. F\u00e1cilmente configurable a trav\u00e9s de una aplicaci\u00f3n Android dedicada, la Serie MY permite la visualizaci\u00f3n de valores de temperatura (RTD, TC) y humedad en formato anal\u00f3gico o digital, permitiendo compartir la medici\u00f3n actual a trav\u00e9s de SMS, correo electr\u00f3nico y otras plataformas de datos comunes. La Serie MY es el candidato id\u00f3neo para medidas profesionales, certificadas e industriales en diversos sectores (maquinaria, c\u00e1maras ambientales, almacenamiento y transporte de alimentos, laboratorios, sistemas HVAC, etc&#8230;) tanto con fines de diagn\u00f3stico como de monitorizaci\u00f3n de par\u00e1metros ambientales.<\/p>\n<p>Traducci\u00f3n realizada con la versi\u00f3n gratuita del traductor www.DeepL.com\/Translator<\/p>\n","protected":false},"excerpt":{"rendered":"<p>Transmisores profesionales port\u00e1tiles para medir la temperatura y humedad relativa para dispositivos Android.<\/p>\n","protected":false},"featured_media":2840,"comment_status":"open","ping_status":"closed","template":"","meta":[],"pwb-brand":[663],"etheme_brands":[{"term_id":162,"name":"SENECA","slug":"seneca","term_group":0,"term_taxonomy_id":162,"taxonomy":"brand","description":"","parent":0,"count":167,"filter":"raw"}],"product_brand":[],"product_cat":[641],"product_tag":[276,273,278,275,288,231,274,127,54,277,272],"class_list":{"0":"post-4112","1":"product","2":"type-product","3":"status-publish","4":"has-post-thumbnail","6":"pwb-brand-seneca","7":"brand-seneca","8":"product_cat-transmisor-portatil","9":"product_tag-adquisicion","10":"product_tag-android","11":"product_tag-correo-electronico","12":"product_tag-humedad","13":"product_tag-my-ut","14":"product_tag-pt100","15":"product_tag-rtd","16":"product_tag-seic","17":"product_tag-seneca","18":"product_tag-sms","19":"product_tag-transmisor","21":"first","22":"instock","23":"taxable","24":"shipping-taxable","25":"purchasable","26":"product-type-simple"},"brands":[{"id":663,"name":"SENECA","slug":"seneca"}],"_links":{"self":[{"href":"https:\/\/seic.com.co\/index.php\/wp-json\/wp\/v2\/product\/4112","targetHints":{"allow":["GET"]}}],"collection":[{"href":"https:\/\/seic.com.co\/index.php\/wp-json\/wp\/v2\/product"}],"about":[{"href":"https:\/\/seic.com.co\/index.php\/wp-json\/wp\/v2\/types\/product"}],"replies":[{"embeddable":true,"href":"https:\/\/seic.com.co\/index.php\/wp-json\/wp\/v2\/comments?post=4112"}],"version-history":[{"count":1,"href":"https:\/\/seic.com.co\/index.php\/wp-json\/wp\/v2\/product\/4112\/revisions"}],"predecessor-version":[{"id":4433,"href":"https:\/\/seic.com.co\/index.php\/wp-json\/wp\/v2\/product\/4112\/revisions\/4433"}],"wp:featuredmedia":[{"embeddable":true,"href":"https:\/\/seic.com.co\/index.php\/wp-json\/wp\/v2\/media\/2840"}],"wp:attachment":[{"href":"https:\/\/seic.com.co\/index.php\/wp-json\/wp\/v2\/media?parent=4112"}],"wp:term":[{"taxonomy":"pwb-brand","embeddable":true,"href":"https:\/\/seic.com.co\/index.php\/wp-json\/wp\/v2\/pwb-brand?post=4112"},{"taxonomy":"brand","embeddable":true,"href":"https:\/\/seic.com.co\/index.php\/wp-json\/wp\/v2\/etheme_brands?post=4112"},{"taxonomy":"product_brand","embeddable":true,"href":"https:\/\/seic.com.co\/index.php\/wp-json\/wp\/v2\/product_brand?post=4112"},{"taxonomy":"product_cat","embeddable":true,"href":"https:\/\/seic.com.co\/index.php\/wp-json\/wp\/v2\/product_cat?post=4112"},{"taxonomy":"product_tag","embeddable":true,"href":"https:\/\/seic.com.co\/index.php\/wp-json\/wp\/v2\/product_tag?post=4112"}],"curies":[{"name":"wp","href":"https:\/\/api.w.org\/{rel}","templated":true}]}}