{"id":4155,"date":"2023-08-16T17:15:56","date_gmt":"2023-08-16T17:15:56","guid":{"rendered":"https:\/\/seic.com.co\/index.php\/product\/r-8ai-8dido-p\/"},"modified":"2023-08-22T19:35:52","modified_gmt":"2023-08-22T19:35:52","slug":"r-8ai-8dido-p","status":"publish","type":"product","link":"https:\/\/seic.com.co\/index.php\/product\/r-8ai-8dido-p\/","title":{"rendered":"M\u00f3dulo R-8AI-8DIDO-P"},"content":{"rendered":"<p>R-8AI-8DIDO-P es un m\u00f3dulo mixto con un puerto Ethernet dual de 10\/100 Mbps y un puerto de programaci\u00f3n Micro USB frontal. La herramienta est\u00e1 dise\u00f1ada para necesidades de cableado flexible, espacios de instalaci\u00f3n peque\u00f1os, aplicaciones de E\/S de alta densidad con redes Ethernet integradas. El R-8AI-8DIDO-P tiene 8 entradas anal\u00f3gicas y 8 canales digitales. El m\u00f3dulo est\u00e1 equipado con aislamiento entre entradas, salidas y otros circuitos de baja tensi\u00f3n igual a 1,5 kVac. La configuraci\u00f3n se puede realizar a trav\u00e9s del software CODESYS softPLC y el entorno de dise\u00f1o TiA Portal\/Simatic Step7. R-16DI-8DO-P es compatible con la comunicaci\u00f3n PROFINET IO y se puede conectar en modo de conexi\u00f3n en cadena Ethernet con derivaci\u00f3n de fallas para garantizar la conexi\u00f3n Ethernet incluso en caso de falla de un m\u00f3dulo en la cadena.<\/p>\n","protected":false},"excerpt":{"rendered":"<p>Entradas anal\u00f3gicas de 8 canales \/ Entradas \/ salidas digitales de 8 canales M\u00f3dulo Profinet IO (2 ETH)<\/p>\n","protected":false},"featured_media":2580,"comment_status":"open","ping_status":"closed","template":"","meta":[],"pwb-brand":[663],"etheme_brands":[{"term_id":162,"name":"SENECA","slug":"seneca","term_group":0,"term_taxonomy_id":162,"taxonomy":"brand","description":"","parent":0,"count":167,"filter":"raw"}],"product_brand":[],"product_cat":[646],"product_tag":[320,329,330,127,54,326,208],"class_list":{"0":"post-4155","1":"product","2":"type-product","3":"status-publish","4":"has-post-thumbnail","6":"pwb-brand-seneca","7":"brand-seneca","8":"product_cat-sistemas-de-e-s-profinet","9":"product_tag-ethernet","10":"product_tag-html","11":"product_tag-r-8ai-8dido-p","12":"product_tag-seic","13":"product_tag-seneca","14":"product_tag-tia-portal","15":"product_tag-usb","17":"first","18":"instock","19":"taxable","20":"shipping-taxable","21":"purchasable","22":"product-type-simple"},"brands":[{"id":663,"name":"SENECA","slug":"seneca"}],"_links":{"self":[{"href":"https:\/\/seic.com.co\/index.php\/wp-json\/wp\/v2\/product\/4155","targetHints":{"allow":["GET"]}}],"collection":[{"href":"https:\/\/seic.com.co\/index.php\/wp-json\/wp\/v2\/product"}],"about":[{"href":"https:\/\/seic.com.co\/index.php\/wp-json\/wp\/v2\/types\/product"}],"replies":[{"embeddable":true,"href":"https:\/\/seic.com.co\/index.php\/wp-json\/wp\/v2\/comments?post=4155"}],"version-history":[{"count":1,"href":"https:\/\/seic.com.co\/index.php\/wp-json\/wp\/v2\/product\/4155\/revisions"}],"predecessor-version":[{"id":4443,"href":"https:\/\/seic.com.co\/index.php\/wp-json\/wp\/v2\/product\/4155\/revisions\/4443"}],"wp:featuredmedia":[{"embeddable":true,"href":"https:\/\/seic.com.co\/index.php\/wp-json\/wp\/v2\/media\/2580"}],"wp:attachment":[{"href":"https:\/\/seic.com.co\/index.php\/wp-json\/wp\/v2\/media?parent=4155"}],"wp:term":[{"taxonomy":"pwb-brand","embeddable":true,"href":"https:\/\/seic.com.co\/index.php\/wp-json\/wp\/v2\/pwb-brand?post=4155"},{"taxonomy":"brand","embeddable":true,"href":"https:\/\/seic.com.co\/index.php\/wp-json\/wp\/v2\/etheme_brands?post=4155"},{"taxonomy":"product_brand","embeddable":true,"href":"https:\/\/seic.com.co\/index.php\/wp-json\/wp\/v2\/product_brand?post=4155"},{"taxonomy":"product_cat","embeddable":true,"href":"https:\/\/seic.com.co\/index.php\/wp-json\/wp\/v2\/product_cat?post=4155"},{"taxonomy":"product_tag","embeddable":true,"href":"https:\/\/seic.com.co\/index.php\/wp-json\/wp\/v2\/product_tag?post=4155"}],"curies":[{"name":"wp","href":"https:\/\/api.w.org\/{rel}","templated":true}]}}