{"id":4198,"date":"2023-08-16T17:16:03","date_gmt":"2023-08-16T17:16:03","guid":{"rendered":"https:\/\/seic.com.co\/?post_type=product&#038;p=4198"},"modified":"2023-08-22T19:35:58","modified_gmt":"2023-08-22T19:35:58","slug":"s311a-11-h","status":"publish","type":"product","link":"https:\/\/seic.com.co\/index.php\/product\/s311a-11-h\/","title":{"rendered":"Indicador S311A-11-H"},"content":{"rendered":"<p>S311A es un visualizador universal con c\u00f3digos de pedido de entradas anal\u00f3gicas (mA, V, PT100, TCs, Ohm) que permite visualizar el valor instant\u00e1neo (unidades de ingenier\u00eda), retransmitirlo a trav\u00e9s de una salida anal\u00f3gica aislada y, mediante la placa opcional, disponer de N. 2 rel\u00e9s de alarmas e interfaz Modbus. Adem\u00e1s, la unidad permite integrar la entrada y totalizarla en la memoria interna. Est\u00e1 disponible con 4, 6 u 8 d\u00edgitos y 7+4 d\u00edgitos (doble l\u00ednea).<\/p>\n","protected":false},"excerpt":{"rendered":"<p>Indicador de 11 d\u00edgitos<\/p>\n","protected":false},"featured_media":2866,"comment_status":"open","ping_status":"closed","template":"","meta":[],"pwb-brand":[663],"etheme_brands":[{"term_id":162,"name":"SENECA","slug":"seneca","term_group":0,"term_taxonomy_id":162,"taxonomy":"brand","description":"","parent":0,"count":167,"filter":"raw"}],"product_brand":[],"product_cat":[654],"product_tag":[255,95,387,231,401,127,54,385,386],"class_list":{"0":"post-4198","1":"product","2":"type-product","3":"status-publish","4":"has-post-thumbnail","6":"pwb-brand-seneca","7":"brand-seneca","8":"product_cat-indicadores-digitales","9":"product_tag-corriente","10":"product_tag-modbus","11":"product_tag-potenciometro","12":"product_tag-pt100","13":"product_tag-s311a-11-h","14":"product_tag-seic","15":"product_tag-seneca","16":"product_tag-tension","17":"product_tag-termopares","19":"first","20":"instock","21":"taxable","22":"shipping-taxable","23":"purchasable","24":"product-type-variable"},"brands":[{"id":663,"name":"SENECA","slug":"seneca"}],"_links":{"self":[{"href":"https:\/\/seic.com.co\/index.php\/wp-json\/wp\/v2\/product\/4198","targetHints":{"allow":["GET"]}}],"collection":[{"href":"https:\/\/seic.com.co\/index.php\/wp-json\/wp\/v2\/product"}],"about":[{"href":"https:\/\/seic.com.co\/index.php\/wp-json\/wp\/v2\/types\/product"}],"replies":[{"embeddable":true,"href":"https:\/\/seic.com.co\/index.php\/wp-json\/wp\/v2\/comments?post=4198"}],"version-history":[{"count":2,"href":"https:\/\/seic.com.co\/index.php\/wp-json\/wp\/v2\/product\/4198\/revisions"}],"predecessor-version":[{"id":4461,"href":"https:\/\/seic.com.co\/index.php\/wp-json\/wp\/v2\/product\/4198\/revisions\/4461"}],"wp:featuredmedia":[{"embeddable":true,"href":"https:\/\/seic.com.co\/index.php\/wp-json\/wp\/v2\/media\/2866"}],"wp:attachment":[{"href":"https:\/\/seic.com.co\/index.php\/wp-json\/wp\/v2\/media?parent=4198"}],"wp:term":[{"taxonomy":"pwb-brand","embeddable":true,"href":"https:\/\/seic.com.co\/index.php\/wp-json\/wp\/v2\/pwb-brand?post=4198"},{"taxonomy":"brand","embeddable":true,"href":"https:\/\/seic.com.co\/index.php\/wp-json\/wp\/v2\/etheme_brands?post=4198"},{"taxonomy":"product_brand","embeddable":true,"href":"https:\/\/seic.com.co\/index.php\/wp-json\/wp\/v2\/product_brand?post=4198"},{"taxonomy":"product_cat","embeddable":true,"href":"https:\/\/seic.com.co\/index.php\/wp-json\/wp\/v2\/product_cat?post=4198"},{"taxonomy":"product_tag","embeddable":true,"href":"https:\/\/seic.com.co\/index.php\/wp-json\/wp\/v2\/product_tag?post=4198"}],"curies":[{"name":"wp","href":"https:\/\/api.w.org\/{rel}","templated":true}]}}