{"id":4267,"date":"2023-08-16T17:16:12","date_gmt":"2023-08-16T17:16:12","guid":{"rendered":"https:\/\/seic.com.co\/?post_type=product&#038;p=4267"},"modified":"2023-08-22T19:36:04","modified_gmt":"2023-08-22T19:36:04","slug":"ssd-0-0-0-0","status":"publish","type":"product","link":"https:\/\/seic.com.co\/index.php\/product\/ssd-0-0-0-0\/","title":{"rendered":"HMI SSD-0-0-0-0"},"content":{"rendered":"<p>SURPRISE Smart Display (SSD) es una puerta de enlace\/enrutador IIoT de \u00faltima generaci\u00f3n con un panel HMI de pantalla t\u00e1ctil de 7&#8243;. El dispositivo integra un potente microprocesador ARM, una pantalla de alto brillo con sensor de proximidad, dos puertos Ethernet, canales de E\/S integrados, m\u00f3dulo WiFi y dos puertos serie. SSD es un dispositivo multiprop\u00f3sito que incluye funcionalidad avanzada de puerta de enlace, registrador de datos, administraci\u00f3n de alarmas, enrutador Wi-Fi, funciones l\u00f3gicas, tecnolog\u00eda VPN, funciones de asistencia remota\/control remoto y una conveniente visualizaci\u00f3n de datos basada en widgets que no requiere habilidades de programaci\u00f3n. La configuraci\u00f3n se realiza a trav\u00e9s de un servidor web y no requiere entornos de desarrollo costosos ni habilidades de programaci\u00f3n como las HMI comunes. A trav\u00e9s de la interfaz de pantalla t\u00e1ctil gr\u00e1fica, es posible configurar los par\u00e1metros de comunicaci\u00f3n serial y de red, mostrar gr\u00e1ficos, administrar alarmas, enviar comandos y personalizar la apariencia gr\u00e1fica de las p\u00e1ginas de supervisi\u00f3n con m\u00e1s de 16 widgets y una base de datos de 480 im\u00e1genes. SSD genera HMI integrado y soluciones de conectividad cliente\/servidor para construir sistemas de diversa complejidad y con diferentes puntos de acceso simult\u00e1neos a la planta o m\u00e1quina individual. El dispositivo tambi\u00e9n se integra con sistemas de an\u00e1lisis, supervisi\u00f3n y gesti\u00f3n de datos, ERP y MES, mediante el uso de protocolos IIoT como MQTT y OPC-UA. SSD es ideal para proporcionar soluciones industriales digitalizadas e interconectadas para maximizar la productividad y la eficiencia de sus plantas bajo los est\u00e1ndares de la Industria 4.0. Hay ocho versiones con licencia \u00fanica disponibles, seg\u00fan los requisitos. SENECA tambi\u00e9n ofrece la posibilidad de actualizar la licencia de uso en una fecha posterior.<\/p>\n","protected":false},"excerpt":{"rendered":"<p>HMI de pantalla t\u00e1ctil avanzada<\/p>\n","protected":false},"featured_media":2883,"comment_status":"open","ping_status":"closed","template":"","meta":[],"pwb-brand":[663],"etheme_brands":[{"term_id":162,"name":"SENECA","slug":"seneca","term_group":0,"term_taxonomy_id":162,"taxonomy":"brand","description":"","parent":0,"count":167,"filter":"raw"}],"product_brand":[],"product_cat":[656],"product_tag":[478,480,479,127,54,477,481,483,482],"class_list":{"0":"post-4267","1":"product","2":"type-product","3":"status-publish","4":"has-post-thumbnail","6":"pwb-brand-seneca","7":"brand-seneca","8":"product_cat-hmi-display","9":"product_tag-enrutador","10":"product_tag-hmi","11":"product_tag-puerta-de-enlace","12":"product_tag-seic","13":"product_tag-seneca","14":"product_tag-ssd-0-0-0-0","15":"product_tag-tactil","16":"product_tag-vpn","17":"product_tag-wifi","19":"first","20":"instock","21":"taxable","22":"shipping-taxable","23":"purchasable","24":"product-type-variable"},"brands":[{"id":663,"name":"SENECA","slug":"seneca"}],"_links":{"self":[{"href":"https:\/\/seic.com.co\/index.php\/wp-json\/wp\/v2\/product\/4267","targetHints":{"allow":["GET"]}}],"collection":[{"href":"https:\/\/seic.com.co\/index.php\/wp-json\/wp\/v2\/product"}],"about":[{"href":"https:\/\/seic.com.co\/index.php\/wp-json\/wp\/v2\/types\/product"}],"replies":[{"embeddable":true,"href":"https:\/\/seic.com.co\/index.php\/wp-json\/wp\/v2\/comments?post=4267"}],"version-history":[{"count":2,"href":"https:\/\/seic.com.co\/index.php\/wp-json\/wp\/v2\/product\/4267\/revisions"}],"predecessor-version":[{"id":4471,"href":"https:\/\/seic.com.co\/index.php\/wp-json\/wp\/v2\/product\/4267\/revisions\/4471"}],"wp:featuredmedia":[{"embeddable":true,"href":"https:\/\/seic.com.co\/index.php\/wp-json\/wp\/v2\/media\/2883"}],"wp:attachment":[{"href":"https:\/\/seic.com.co\/index.php\/wp-json\/wp\/v2\/media?parent=4267"}],"wp:term":[{"taxonomy":"pwb-brand","embeddable":true,"href":"https:\/\/seic.com.co\/index.php\/wp-json\/wp\/v2\/pwb-brand?post=4267"},{"taxonomy":"brand","embeddable":true,"href":"https:\/\/seic.com.co\/index.php\/wp-json\/wp\/v2\/etheme_brands?post=4267"},{"taxonomy":"product_brand","embeddable":true,"href":"https:\/\/seic.com.co\/index.php\/wp-json\/wp\/v2\/product_brand?post=4267"},{"taxonomy":"product_cat","embeddable":true,"href":"https:\/\/seic.com.co\/index.php\/wp-json\/wp\/v2\/product_cat?post=4267"},{"taxonomy":"product_tag","embeddable":true,"href":"https:\/\/seic.com.co\/index.php\/wp-json\/wp\/v2\/product_tag?post=4267"}],"curies":[{"name":"wp","href":"https:\/\/api.w.org\/{rel}","templated":true}]}}