{"id":4319,"date":"2023-08-16T17:16:19","date_gmt":"2023-08-16T17:16:19","guid":{"rendered":"https:\/\/seic.com.co\/index.php\/product\/usb-iso\/"},"modified":"2023-08-22T19:36:03","modified_gmt":"2023-08-22T19:36:03","slug":"usb-iso","status":"publish","type":"product","link":"https:\/\/seic.com.co\/index.php\/product\/usb-iso\/","title":{"rendered":"Aislamiento USB-ISO"},"content":{"rendered":"<p>USB-ISO es un aislador compacto de 5 V &#8211; 1 A \u00fatil para el correcto aislamiento de su instrumento USB con la PC. Con este dispositivo, su instrumento permanecer\u00e1 aislado de impurezas de se\u00f1al derivadas de la toma USB de la PC, y viceversa, la PC permanecer\u00e1 aislada de cualquier bucle de tierra que pueda afectar el puerto de comunicaci\u00f3n. USB-ISO est\u00e1 aislado galv\u00e1nicamente en 2 v\u00edas hasta 2,5 kVac y tiene un LED de estado para la presencia de fuente de alimentaci\u00f3n. USB-ISO est\u00e1 equipado con puerto USB (hacia el instrumento), puerto micro-USB (para fuente de alimentaci\u00f3n externa) y Puerto miniUSB (hacia la PC). El uso de este aislador galv\u00e1nico es obligatorio en los casos en que necesite conectar el calibrador USB a un circuito que tenga conexi\u00f3n a tierra o en los casos en que necesite conectar m\u00e1s de un calibrador al mismo circuito al mismo tiempo. USB-ISO se incluye con un cable USB-A<->MicroUSB para la comunicaci\u00f3n con la PC de su estaci\u00f3n de trabajo y un cable USB-A<->MiniUSB para la fuente de alimentaci\u00f3n. Nota 1: Para usar con el calibrador MSC es obligatorio usar la fuente de alimentaci\u00f3n alimentaci\u00f3n y cable suministrado con el calibrador. Nota 2: Para utilizar con un dispositivo USB gen\u00e9rico es necesario adquirir\/utilizar una fuente de alimentaci\u00f3n de 230V &#8211; 5V-1A con puerto USB y un USB-A<->MiniUSB o USB-A< ->Cable microUSB seg\u00fan las especificaciones del dispositivo a proteger.Contenido del paquete: &#8211; Aislador USB-ISO- Cable USB para conexi\u00f3n a PC CU-A-MICROB-1 &#8211; Cable USB para conexi\u00f3n a fuente de alimentaci\u00f3n CU-A-MINIB -1<\/p>\n","protected":false},"excerpt":{"rendered":"<p>Aislador galv\u00e1nico USB<\/p>\n","protected":false},"featured_media":2890,"comment_status":"open","ping_status":"closed","template":"","meta":[],"pwb-brand":[663],"etheme_brands":[{"term_id":162,"name":"SENECA","slug":"seneca","term_group":0,"term_taxonomy_id":162,"taxonomy":"brand","description":"","parent":0,"count":167,"filter":"raw"}],"product_brand":[],"product_cat":[639],"product_tag":[250,345,127,54,208,506],"class_list":{"0":"post-4319","1":"product","2":"type-product","3":"status-publish","4":"has-post-thumbnail","6":"pwb-brand-seneca","7":"brand-seneca","8":"product_cat-accesorios-y-repuestos","9":"product_tag-aislador","10":"product_tag-galvanico","11":"product_tag-seic","12":"product_tag-seneca","13":"product_tag-usb","14":"product_tag-usb-iso","16":"first","17":"instock","18":"taxable","19":"shipping-taxable","20":"purchasable","21":"product-type-simple"},"brands":[{"id":663,"name":"SENECA","slug":"seneca"}],"_links":{"self":[{"href":"https:\/\/seic.com.co\/index.php\/wp-json\/wp\/v2\/product\/4319","targetHints":{"allow":["GET"]}}],"collection":[{"href":"https:\/\/seic.com.co\/index.php\/wp-json\/wp\/v2\/product"}],"about":[{"href":"https:\/\/seic.com.co\/index.php\/wp-json\/wp\/v2\/types\/product"}],"replies":[{"embeddable":true,"href":"https:\/\/seic.com.co\/index.php\/wp-json\/wp\/v2\/comments?post=4319"}],"version-history":[{"count":1,"href":"https:\/\/seic.com.co\/index.php\/wp-json\/wp\/v2\/product\/4319\/revisions"}],"predecessor-version":[{"id":4490,"href":"https:\/\/seic.com.co\/index.php\/wp-json\/wp\/v2\/product\/4319\/revisions\/4490"}],"wp:featuredmedia":[{"embeddable":true,"href":"https:\/\/seic.com.co\/index.php\/wp-json\/wp\/v2\/media\/2890"}],"wp:attachment":[{"href":"https:\/\/seic.com.co\/index.php\/wp-json\/wp\/v2\/media?parent=4319"}],"wp:term":[{"taxonomy":"pwb-brand","embeddable":true,"href":"https:\/\/seic.com.co\/index.php\/wp-json\/wp\/v2\/pwb-brand?post=4319"},{"taxonomy":"brand","embeddable":true,"href":"https:\/\/seic.com.co\/index.php\/wp-json\/wp\/v2\/etheme_brands?post=4319"},{"taxonomy":"product_brand","embeddable":true,"href":"https:\/\/seic.com.co\/index.php\/wp-json\/wp\/v2\/product_brand?post=4319"},{"taxonomy":"product_cat","embeddable":true,"href":"https:\/\/seic.com.co\/index.php\/wp-json\/wp\/v2\/product_cat?post=4319"},{"taxonomy":"product_tag","embeddable":true,"href":"https:\/\/seic.com.co\/index.php\/wp-json\/wp\/v2\/product_tag?post=4319"}],"curies":[{"name":"wp","href":"https:\/\/api.w.org\/{rel}","templated":true}]}}