{"id":4326,"date":"2023-08-16T17:16:21","date_gmt":"2023-08-16T17:16:21","guid":{"rendered":"https:\/\/seic.com.co\/index.php\/product\/visual3\/"},"modified":"2023-08-22T19:36:04","modified_gmt":"2023-08-22T19:36:04","slug":"visual3","status":"publish","type":"product","link":"https:\/\/seic.com.co\/index.php\/product\/visual3\/","title":{"rendered":"HMI VISUAL3"},"content":{"rendered":"<p>La nueva gama de paneles de operador adecuados para los controladores industriales y sistemas de supervisi\u00f3n\/automatizaci\u00f3n m\u00e1s comunes. VISUAL3 es un HMI de 4,3&#8243; equipado con una potente CPU Cortex A8 de 600 Mhz, 128 MB de RAM, retroiluminaci\u00f3n LED de pantalla de alta calidad con una resoluci\u00f3n de 480&#215;272 p\u00edxeles, 2 puertos serie (Nr. 1 RS232 y Nr. 1 RS232\/RS485) y uno Puerto Ethernet 10\/100 BaseT. Gracias a su puerto USB 2.0 (host) en la parte inferior del panel, puede transferir datos f\u00e1cilmente. 128 MB de capacidad flash le permiten descargar proyectos de hasta 16 MB y registros\/datos de muestra de hasta 48 MEGABYTE.<\/p>\n","protected":false},"excerpt":{"rendered":"<p>Panel de operador con pantalla t\u00e1ctil de 4,3&#8243;, 480&#215;272, ARM 600 MHz<\/p>\n","protected":false},"featured_media":2895,"comment_status":"open","ping_status":"closed","template":"","meta":[],"pwb-brand":[663],"etheme_brands":[{"term_id":162,"name":"SENECA","slug":"seneca","term_group":0,"term_taxonomy_id":162,"taxonomy":"brand","description":"","parent":0,"count":167,"filter":"raw"}],"product_brand":[],"product_cat":[656],"product_tag":[514,512,320,480,513,224,222,127,54,518],"class_list":{"0":"post-4326","1":"product","2":"type-product","3":"status-publish","4":"has-post-thumbnail","6":"pwb-brand-seneca","7":"brand-seneca","8":"product_cat-hmi-display","9":"product_tag-cortex","10":"product_tag-cpu","11":"product_tag-ethernet","12":"product_tag-hmi","13":"product_tag-ram","14":"product_tag-rs232","15":"product_tag-rs485","16":"product_tag-seic","17":"product_tag-seneca","18":"product_tag-visual3","20":"first","21":"instock","22":"taxable","23":"shipping-taxable","24":"purchasable","25":"product-type-simple"},"brands":[{"id":663,"name":"SENECA","slug":"seneca"}],"_links":{"self":[{"href":"https:\/\/seic.com.co\/index.php\/wp-json\/wp\/v2\/product\/4326","targetHints":{"allow":["GET"]}}],"collection":[{"href":"https:\/\/seic.com.co\/index.php\/wp-json\/wp\/v2\/product"}],"about":[{"href":"https:\/\/seic.com.co\/index.php\/wp-json\/wp\/v2\/types\/product"}],"replies":[{"embeddable":true,"href":"https:\/\/seic.com.co\/index.php\/wp-json\/wp\/v2\/comments?post=4326"}],"version-history":[{"count":1,"href":"https:\/\/seic.com.co\/index.php\/wp-json\/wp\/v2\/product\/4326\/revisions"}],"predecessor-version":[{"id":4496,"href":"https:\/\/seic.com.co\/index.php\/wp-json\/wp\/v2\/product\/4326\/revisions\/4496"}],"wp:featuredmedia":[{"embeddable":true,"href":"https:\/\/seic.com.co\/index.php\/wp-json\/wp\/v2\/media\/2895"}],"wp:attachment":[{"href":"https:\/\/seic.com.co\/index.php\/wp-json\/wp\/v2\/media?parent=4326"}],"wp:term":[{"taxonomy":"pwb-brand","embeddable":true,"href":"https:\/\/seic.com.co\/index.php\/wp-json\/wp\/v2\/pwb-brand?post=4326"},{"taxonomy":"brand","embeddable":true,"href":"https:\/\/seic.com.co\/index.php\/wp-json\/wp\/v2\/etheme_brands?post=4326"},{"taxonomy":"product_brand","embeddable":true,"href":"https:\/\/seic.com.co\/index.php\/wp-json\/wp\/v2\/product_brand?post=4326"},{"taxonomy":"product_cat","embeddable":true,"href":"https:\/\/seic.com.co\/index.php\/wp-json\/wp\/v2\/product_cat?post=4326"},{"taxonomy":"product_tag","embeddable":true,"href":"https:\/\/seic.com.co\/index.php\/wp-json\/wp\/v2\/product_tag?post=4326"}],"curies":[{"name":"wp","href":"https:\/\/api.w.org\/{rel}","templated":true}]}}