{"id":4336,"date":"2023-08-16T17:16:24","date_gmt":"2023-08-16T17:16:24","guid":{"rendered":"https:\/\/seic.com.co\/index.php\/product\/z109pt2-1\/"},"modified":"2023-08-22T19:36:06","modified_gmt":"2023-08-22T19:36:06","slug":"z109pt2-1","status":"publish","type":"product","link":"https:\/\/seic.com.co\/index.php\/product\/z109pt2-1\/","title":{"rendered":"Convertidor universal Z109PT2-1"},"content":{"rendered":"<p>Z109PT2-1 es un convertidor para Termorresistencia RTD (PT100, PT1000, PT500, N\u00ec100) con 2,3,4 hilos y proporciona una se\u00f1al de salida est\u00e1ndar mA\/V. Es completamente configurable a trav\u00e9s de interruptores DIP y software. Un aislamiento galv\u00e1nico de 3 v\u00edas entre los circuitos de fuente de alimentaci\u00f3n \/\/ entrada \/\/ salida asegura la integridad de sus datos. A diferencia del m\u00e1s conocido Z109PT2, el Z109PT2-1 presenta en la parte frontal un puerto microUSB en lugar de un puerto serie con formato jack de 3,5 mm.<\/p>\n","protected":false},"excerpt":{"rendered":"<p>Convertidor aislador RTD a DC V\/I, prog. a trav\u00e9s de MicroUSB\/Aplicaci\u00f3n<\/p>\n","protected":false},"featured_media":2918,"comment_status":"open","ping_status":"closed","template":"","meta":[],"pwb-brand":[663],"etheme_brands":[{"term_id":162,"name":"SENECA","slug":"seneca","term_group":0,"term_taxonomy_id":162,"taxonomy":"brand","description":"","parent":0,"count":167,"filter":"raw"}],"product_brand":[],"product_cat":[658],"product_tag":[236,255,231,274,127,54,530,256,529],"class_list":{"0":"post-4336","1":"product","2":"type-product","3":"status-publish","4":"has-post-thumbnail","6":"pwb-brand-seneca","7":"brand-seneca","8":"product_cat-convertidor-analogico-universal","9":"product_tag-convertidor","10":"product_tag-corriente","11":"product_tag-pt100","12":"product_tag-rtd","13":"product_tag-seic","14":"product_tag-seneca","15":"product_tag-termorresistencia","16":"product_tag-voltaje","17":"product_tag-z109pt2-1","19":"first","20":"instock","21":"taxable","22":"shipping-taxable","23":"purchasable","24":"product-type-simple"},"brands":[{"id":663,"name":"SENECA","slug":"seneca"}],"_links":{"self":[{"href":"https:\/\/seic.com.co\/index.php\/wp-json\/wp\/v2\/product\/4336","targetHints":{"allow":["GET"]}}],"collection":[{"href":"https:\/\/seic.com.co\/index.php\/wp-json\/wp\/v2\/product"}],"about":[{"href":"https:\/\/seic.com.co\/index.php\/wp-json\/wp\/v2\/types\/product"}],"replies":[{"embeddable":true,"href":"https:\/\/seic.com.co\/index.php\/wp-json\/wp\/v2\/comments?post=4336"}],"version-history":[{"count":1,"href":"https:\/\/seic.com.co\/index.php\/wp-json\/wp\/v2\/product\/4336\/revisions"}],"predecessor-version":[{"id":4506,"href":"https:\/\/seic.com.co\/index.php\/wp-json\/wp\/v2\/product\/4336\/revisions\/4506"}],"wp:featuredmedia":[{"embeddable":true,"href":"https:\/\/seic.com.co\/index.php\/wp-json\/wp\/v2\/media\/2918"}],"wp:attachment":[{"href":"https:\/\/seic.com.co\/index.php\/wp-json\/wp\/v2\/media?parent=4336"}],"wp:term":[{"taxonomy":"pwb-brand","embeddable":true,"href":"https:\/\/seic.com.co\/index.php\/wp-json\/wp\/v2\/pwb-brand?post=4336"},{"taxonomy":"brand","embeddable":true,"href":"https:\/\/seic.com.co\/index.php\/wp-json\/wp\/v2\/etheme_brands?post=4336"},{"taxonomy":"product_brand","embeddable":true,"href":"https:\/\/seic.com.co\/index.php\/wp-json\/wp\/v2\/product_brand?post=4336"},{"taxonomy":"product_cat","embeddable":true,"href":"https:\/\/seic.com.co\/index.php\/wp-json\/wp\/v2\/product_cat?post=4336"},{"taxonomy":"product_tag","embeddable":true,"href":"https:\/\/seic.com.co\/index.php\/wp-json\/wp\/v2\/product_tag?post=4336"}],"curies":[{"name":"wp","href":"https:\/\/api.w.org\/{rel}","templated":true}]}}