{"id":4345,"date":"2023-08-16T17:16:25","date_gmt":"2023-08-16T17:16:25","guid":{"rendered":"https:\/\/seic.com.co\/index.php\/product\/z-10-d-in\/"},"modified":"2025-05-30T01:41:18","modified_gmt":"2025-05-30T01:41:18","slug":"z-10-d-in","status":"publish","type":"product","link":"https:\/\/seic.com.co\/index.php\/product\/z-10-d-in\/","title":{"rendered":"M\u00f3dulo Z-10-D-IN"},"content":{"rendered":"<p>Z-10-D-IN es un m\u00f3dulo de 10 entradas digitales, negativo com\u00fan autoalimentado de 16 Vdc y bornes extra\u00edbles de secci\u00f3n 2,5 mm. A diferencia del Rev. Hw1, este m\u00f3dulo incluye 10 entradas con un totalizador de 32 bits con una frecuencia m\u00e1xima de 2,5 kHz. Entre las funciones del Z-10-D-IN est\u00e1 la medici\u00f3n de frecuencia, per\u00edodo, T(ON) y T(OFF) para todas las entradas y la posibilidad de configurar los totalizadores para contar hacia adelante o hacia atr\u00e1s con indicaci\u00f3n de desbordamiento para cada totalizador . Es posible la configuraci\u00f3n ON-LINE. El uso de un convertidor USB\/RS485 con protocolo ModBUS RTU es obligatorio para la programaci\u00f3n de PC.<\/p>\n","protected":false},"excerpt":{"rendered":"<p>M\u00f3dulo de entrada digital de 10 canales \/ RS485 ModBUS RTU<\/p>\n","protected":false},"featured_media":2927,"comment_status":"open","ping_status":"closed","template":"","meta":[],"pwb-brand":[663],"etheme_brands":[{"term_id":162,"name":"SENECA","slug":"seneca","term_group":0,"term_taxonomy_id":162,"taxonomy":"brand","description":"","parent":0,"count":167,"filter":"raw"}],"product_brand":[],"product_cat":[645],"product_tag":[127,54,540],"class_list":{"0":"post-4345","1":"product","2":"type-product","3":"status-publish","4":"has-post-thumbnail","6":"pwb-brand-seneca","7":"brand-seneca","8":"product_cat-modulos-e-s-modbus-rtu","9":"product_tag-seic","10":"product_tag-seneca","11":"product_tag-z-10-d-in","13":"first","14":"instock","15":"taxable","16":"shipping-taxable","17":"purchasable","18":"product-type-simple"},"brands":[{"id":663,"name":"SENECA","slug":"seneca"}],"_links":{"self":[{"href":"https:\/\/seic.com.co\/index.php\/wp-json\/wp\/v2\/product\/4345","targetHints":{"allow":["GET"]}}],"collection":[{"href":"https:\/\/seic.com.co\/index.php\/wp-json\/wp\/v2\/product"}],"about":[{"href":"https:\/\/seic.com.co\/index.php\/wp-json\/wp\/v2\/types\/product"}],"replies":[{"embeddable":true,"href":"https:\/\/seic.com.co\/index.php\/wp-json\/wp\/v2\/comments?post=4345"}],"version-history":[{"count":1,"href":"https:\/\/seic.com.co\/index.php\/wp-json\/wp\/v2\/product\/4345\/revisions"}],"predecessor-version":[{"id":4515,"href":"https:\/\/seic.com.co\/index.php\/wp-json\/wp\/v2\/product\/4345\/revisions\/4515"}],"wp:featuredmedia":[{"embeddable":true,"href":"https:\/\/seic.com.co\/index.php\/wp-json\/wp\/v2\/media\/2927"}],"wp:attachment":[{"href":"https:\/\/seic.com.co\/index.php\/wp-json\/wp\/v2\/media?parent=4345"}],"wp:term":[{"taxonomy":"pwb-brand","embeddable":true,"href":"https:\/\/seic.com.co\/index.php\/wp-json\/wp\/v2\/pwb-brand?post=4345"},{"taxonomy":"brand","embeddable":true,"href":"https:\/\/seic.com.co\/index.php\/wp-json\/wp\/v2\/etheme_brands?post=4345"},{"taxonomy":"product_brand","embeddable":true,"href":"https:\/\/seic.com.co\/index.php\/wp-json\/wp\/v2\/product_brand?post=4345"},{"taxonomy":"product_cat","embeddable":true,"href":"https:\/\/seic.com.co\/index.php\/wp-json\/wp\/v2\/product_cat?post=4345"},{"taxonomy":"product_tag","embeddable":true,"href":"https:\/\/seic.com.co\/index.php\/wp-json\/wp\/v2\/product_tag?post=4345"}],"curies":[{"name":"wp","href":"https:\/\/api.w.org\/{rel}","templated":true}]}}