{"id":4377,"date":"2023-08-16T17:16:32","date_gmt":"2023-08-16T17:16:32","guid":{"rendered":"https:\/\/seic.com.co\/index.php\/product\/z-8tc-si-lab\/"},"modified":"2023-08-22T19:36:09","modified_gmt":"2023-08-22T19:36:09","slug":"z-8tc-si-lab","status":"publish","type":"product","link":"https:\/\/seic.com.co\/index.php\/product\/z-8tc-si-lab\/","title":{"rendered":"M\u00f3dulo Z-8TC-SI-LAB"},"content":{"rendered":"<p>El Z-8TC-SI-LAB es un convertidor digital para termopares tipo J, K, R, S, T. B, E, N, L con ocho canales de medida dise\u00f1ado para laboratorios. El m\u00f3dulo cuenta con comunicaci\u00f3n RS485 Modbus RTU, compensaci\u00f3n de uni\u00f3n fr\u00eda, alta precisi\u00f3n, aislamiento general de hasta 1,5 kVac y resoluci\u00f3n de hasta 24 bits.<\/p>\n","protected":false},"excerpt":{"rendered":"<p>M\u00f3dulo de entrada de termopar de 8 canales a 24 bits, abrazaderas intercambiables ModBUS<\/p>\n","protected":false},"featured_media":2913,"comment_status":"open","ping_status":"closed","template":"","meta":[],"pwb-brand":[663],"etheme_brands":[{"term_id":162,"name":"SENECA","slug":"seneca","term_group":0,"term_taxonomy_id":162,"taxonomy":"brand","description":"","parent":0,"count":167,"filter":"raw"}],"product_brand":[],"product_cat":[660],"product_tag":[95,222,274,543,127,54,240,586,589],"class_list":{"0":"post-4377","1":"product","2":"type-product","3":"status-publish","4":"has-post-thumbnail","6":"pwb-brand-seneca","7":"brand-seneca","8":"product_cat-modulos-e-s-analogicos-modbus-rtu","9":"product_tag-modbus","10":"product_tag-rs485","11":"product_tag-rtd","12":"product_tag-rtu","13":"product_tag-seic","14":"product_tag-seneca","15":"product_tag-termopar","16":"product_tag-z-8tc-1","17":"product_tag-z-8tc-si-labseneca","19":"first","20":"instock","21":"taxable","22":"shipping-taxable","23":"purchasable","24":"product-type-simple"},"brands":[{"id":663,"name":"SENECA","slug":"seneca"}],"_links":{"self":[{"href":"https:\/\/seic.com.co\/index.php\/wp-json\/wp\/v2\/product\/4377","targetHints":{"allow":["GET"]}}],"collection":[{"href":"https:\/\/seic.com.co\/index.php\/wp-json\/wp\/v2\/product"}],"about":[{"href":"https:\/\/seic.com.co\/index.php\/wp-json\/wp\/v2\/types\/product"}],"replies":[{"embeddable":true,"href":"https:\/\/seic.com.co\/index.php\/wp-json\/wp\/v2\/comments?post=4377"}],"version-history":[{"count":1,"href":"https:\/\/seic.com.co\/index.php\/wp-json\/wp\/v2\/product\/4377\/revisions"}],"predecessor-version":[{"id":4547,"href":"https:\/\/seic.com.co\/index.php\/wp-json\/wp\/v2\/product\/4377\/revisions\/4547"}],"wp:featuredmedia":[{"embeddable":true,"href":"https:\/\/seic.com.co\/index.php\/wp-json\/wp\/v2\/media\/2913"}],"wp:attachment":[{"href":"https:\/\/seic.com.co\/index.php\/wp-json\/wp\/v2\/media?parent=4377"}],"wp:term":[{"taxonomy":"pwb-brand","embeddable":true,"href":"https:\/\/seic.com.co\/index.php\/wp-json\/wp\/v2\/pwb-brand?post=4377"},{"taxonomy":"brand","embeddable":true,"href":"https:\/\/seic.com.co\/index.php\/wp-json\/wp\/v2\/etheme_brands?post=4377"},{"taxonomy":"product_brand","embeddable":true,"href":"https:\/\/seic.com.co\/index.php\/wp-json\/wp\/v2\/product_brand?post=4377"},{"taxonomy":"product_cat","embeddable":true,"href":"https:\/\/seic.com.co\/index.php\/wp-json\/wp\/v2\/product_cat?post=4377"},{"taxonomy":"product_tag","embeddable":true,"href":"https:\/\/seic.com.co\/index.php\/wp-json\/wp\/v2\/product_tag?post=4377"}],"curies":[{"name":"wp","href":"https:\/\/api.w.org\/{rel}","templated":true}]}}